is the units digit of k?
5
Suppose 6*p + 493 = 1933. What is the hundreds digit of p?
2
Suppose -4*t - 184 = -0*t. Let q(v) = 3*v - 13. Let a be q(6). Let z = a - t. What is the units digit of z?
1
What is the tens digit of (10/20 - 2)*(-2980)/6?
4
Let p(l) = 8*l**2 - 19*l + 29. What is the thousands digit of p(13)?
1
What is the units digit of 2166 + (3 - -1) + (-230)/46?
5
Let v(b) = -b**2 - 11*b - 10. Let j be v(-11). Let s = j + 32. What is the units digit of s?
2
Suppose -4*f + 6 = -2. Let n(k) = 8*k**2 - 3*k + 4. Let l be n(f). What is the units digit of (l/(-9))/(8/(-12))?
5
Let v(n) = 4*n**2 - 34*n - 69. What is the hundreds digit of v(-19)?
0
Suppose -z + r = -7, 4*r = -3*z + 2*z - 13. Let b(j) = 8 + 22 + 2*j + 3*j**2 + j**z - 4*j**2. What is the units digit of b(0)?
0
Suppose 5*l + 21 = 4*c, 3*l - 4*c + 0*c = -19. Let h(x) = -49*x**3 + x**2 - 2. What is the tens digit of h(l)?
4
Let f be 0 + 7/((-14)/(-304)). Let m = f + -68. Suppose r + 5*p + 31 = 4*r, 4*r + 4*p = m. What is the units digit of r?
7
Suppose -4*w + 5235 = 5*i, -10*w - 5*i + 1305 = -9*w. What is the tens digit of w?
1
Suppose -a + 9*a = 11240. What is the thousands digit of a?
1
Suppose -2*u + 421 = 3*b, -4*b - 2*u = -u - 553. What is the tens digit of b?
3
Let f be (-47)/((-4 + 3)/((-3)/3)). Let g = 121 - f. What is the units digit of g?
8
Suppose -9*b + 8449 = 8*b. What is the units digit of b?
7
Suppose -c - 7 + 81 = 0. Let o = 260 + c. What is the tens digit of o?
3
Suppose 0 = -41*w - 54*w + 147440. What is the units digit of w?
2
Let o(c) = -c - 4. Let u be o(-8). Suppose s = u*x + 11, -4*x = 5*s - 1 - 6. What is the units digit of x + 0 + (6 - -1)?
5
Let d = 1 + 20. Suppose d*x - 858 = 15*x. What is the units digit of x?
3
Let v(k) = -3*k**2 - 4*k + 29. Let p(l) = l**2 + 2*l - 1. Let r(z) = 4*p(z) + v(z). What is the tens digit of r(10)?
6
Let h be (0 + -3)*(-42)/18. Suppose 6*f + 36 = h*f. What is the units digit of f?
6
Suppose 5*w - 25 = 0, 9*w - 10*w = -z + 1090. What is the thousands digit of z?
1
Let a be (-2)/(-3) + (-40)/(-3). Suppose -a = -2*z - o, -5*o + 3 = -5*z + 23. Suppose z*g - 140 = g. What is the tens digit of g?
2
Suppose -10*b + 30 = -4*b. Suppose 2*c = 3*c + 2*x - 151, 5*c = -b*x + 745. What is the hundreds digit of c?
1
Let t(v) = 101*v**2 + 84*v + 262. What is the hundreds digit of t(-3)?
9
Let r = -1286 + 2179. What is the tens digit of r?
9
Let k be -402*((-14)/(-12))/(-7). Let o = -60 + k. What is the units digit of o?
7
What is the hundreds digit of (-1 + -1)*(-116)/8*29?
8
Let q be 4 + 0 - 5 - (-1 - 4). Let y(w) = 6*w - 1. Let p be y(1). Suppose 0 = -5*m + p*f + 70, 0 = -q*m - f + 3*f + 48. What is the tens digit of m?
1
Let s(y) = 10*y + 5. Let m = 39 - 39. Suppose -5*i + 5*k + 15 = m, 0*i + i + k = 7. What is the units digit of s(i)?
5
Let a(b) = 4*b - 6. Let z be a(6). Suppose 0 = 3*f - z + 15. What is the tens digit of (1/2)/(f/96)?
4
Let a(s) = 7*s - 9. What is the tens digit of a(48)?
2
Suppose 0 = 5*l - 429 - 66. Suppose 0 = -31*y + 28*y + l. What is the tens digit of y?
3
Suppose 1337 + 958 = 5*i. What is the hundreds digit of i?
4
Let q(n) = n + 8. Let s be q(-4). Suppose 5*b + 2*r = 21, 3*r + s = r. What is the units digit of b?
5
Let x = 3 - 5. What is the units digit of (118/(-6))/(x/6)?
9
Let x be (-3 + 3 + 4)/2. Suppose 7*u - 2*u - 10 = 0. Suppose z = b + 7, u*z - x = 5*b - 0*b. What is the units digit of z?
1
Suppose 6*x + 85 - 8581 = 0. What is the hundreds digit of x?
4
Let u = -10 + 43. Suppose -3*w = -2*k - 96, 0*k = w - k - u. Let i = -21 + w. What is the units digit of i?
9
Let i be 3 - (8/2 - 77). Suppose -32 = -k + i. Suppose 5*t = t + k. What is the units digit of t?
7
Suppose g - 3*r - 162 = 0, -2*r + 810 = 5*g + 3*r. What is the units digit of g?
2
Suppose -128*b - 11424 = -136*b. What is the hundreds digit of b?
4
Let b = 3018 + 733. What is the hundreds digit of b?
7
Suppose -4*g + 2*u = -1488, -4*u + 0*u = -g + 386. What is the units digit of g?
0
What is the units digit of (90/(-20)*2)/((-6)/476)?
4
Suppose -5*h = 4*y - 156, -2*h = 3*y - 80 - 30. Suppose -r = -3*r + y. Suppose -4*z + r = -3*z. What is the tens digit of z?
1
Let k(c) = 207*c + 68. What is the tens digit of k(4)?
9
Let l(k) = 3*k**2 + 5*k - 9. What is the hundreds digit of l(-23)?
4
Suppose 3*z = -0*z + 12. Suppose -3*s = z*q - 387, 4*s - 179 - 365 = 4*q. What is the units digit of s?
3
Suppose 0 = -7*f + 1805 + 3536. What is the units digit of f?
3
Let f(l) = -4*l - 6. Let a be f(-3). What is the hundreds digit of (-1)/6 + 829/a?
1
Let f be 0/((-3 - -1)/2). Suppose 2*d = 3*z - 7, 5 = 3*z - f*z - 4*d. Suppose -2*v + 170 = z*v. What is the units digit of v?
4
Suppose -17738 = -21*g + 12019. What is the tens digit of g?
1
Suppose -5*x = b - 84, 2*b = 3*x - 2*b - 32. Suppose -14*v = -x*v + 166. What is the units digit of v?
3
Let x(s) = -4*s**3 + s**2 + 2*s. Let k be x(-3). Suppose -5*z + 1206 = k. What is the tens digit of z?
1
Let b = 135 - -36. What is the tens digit of b?
7
Let m = 1784 + -1165. What is the tens digit of m?
1
Let p be 7 - 3/((-9)/(-12)). Suppose 0 = -r + 3*x + 20 - p, -5*r + 2*x = -137. What is the tens digit of r?
2
Suppose 4 + 5 = 3*c. Let f(j) = 8 - 3*j**2 - 11 + 0*j**2 - 6*j**c + j**2. What is the units digit of f(-2)?
7
Let n = 508 - 342. Suppose 3*j + 2*y = 125, 5*y + 6 - 39 = -j. Suppose 122 = 2*x + 3*q + j, 4*x - 2*q = n. What is the tens digit of x?
4
Let f(s) = -s**3 - 10*s**2 + 4*s - 2. Let a be f(-11). Suppose -m = 4*m + 5*h - a, -4*h - 20 = 0. What is the units digit of ((-35)/m)/((-1)/4)?
7
Let o = 26 - 31. Let k = o - -6. What is the units digit of k?
1
Let g be -13 + 15 + (0 - 10)/(-1). Suppose -g = 6*b - 7*b. What is the tens digit of b?
1
Suppose -3*t = 108 - 351. Let s = 30 - t. Let o = -24 - s. What is the tens digit of o?
2
Let j(s) = s**3 + 6*s**2 + 4*s + 1. Let q be 26*(1/2)/1. Let i = 8 - q. What is the units digit of j(i)?
6
Suppose 2*g - 3510 = -4*a - a, 2*a - 1404 = -2*g. What is the units digit of a?
2
Let m(u) = -25*u + 6*u**2 - 8*u**2 + 26 + 0*u**2. Let d(x) = 1. Let k(o) = 4*d(o) - m(o). What is the units digit of k(-15)?
3
Let y(r) = -2*r + 1. What is the tens digit of y(-13)?
2
Suppose -4*k = -v - 18, -v + 3*v - 3*k + 11 = 0. Suppose 5*o = p + 16, 2*o + o + v*p = 7. Suppose o*n - 6*n = -90. What is the units digit of n?
0
Let j(c) = 3*c - 18. Let y(a) = a**2 - 3*a - 2. Let p be y(5). Let h be j(p). Let d = h - -4. What is the tens digit of d?
1
Suppose 9*v = -14 + 5. What is the units digit of (v + 79)*2/2?
8
Suppose -4*u - 6*o = -8*o - 5076, u + 4*o - 1278 = 0. What is the hundreds digit of u?
2
What is the tens digit of 1124 + (-6)/(-12)*4?
2
Let i(p) = -p**3 + 5*p**2 - p - 3. Let z be i(3). Suppose -z = l + 3*l + 3*o, -3*l + 8 = -2*o. Let k(d) = -d**2 + d + 15. What is the tens digit of k(l)?
1
Let x(z) = -3 - 3*z - z**2 + 2 + 3 + 4. Let j be x(-5). What is the units digit of 2*j*(-117)/36?
6
Let z be ((-8)/6)/((-1)/(-9)). Let n be 10*-1*(-18)/5. Let g = z + n. What is the tens digit of g?
2
Let x(c) = -c**2 - c + 3. Let r be x(2). What is the units digit of (-65)/(-10)*(r + 11)?
2
Suppose 7*l - 19 = 2*l + 2*v, -5*v = 3*l + 1. Let p(y) = 24*y - 16. What is the tens digit of p(l)?
5
Suppose -7*p = -11*p. Suppose p = 5*f - 3*f - 8. Suppose f*u - 68 = -24. What is the tens digit of u?
1
Suppose 550 = -5*j - i, 3*j + 40*i = 38*i - 330. Suppose 5*o - 235 = 4*m, -o - 135 = -0*m + 2*m. Let d = m - j. What is the tens digit of d?
4
Suppose 3*m - 5*w - 7 = -26, -16 = 2*m - 4*w. Suppose -5*j - 50 = -4*h - m, -2*j = 0. Suppose 84 = 4*p - h. What is the units digit of p?
4
Let m = 9 + -7. Suppose 25 + 13 = -3*t + 5*g, t + m*g = 2. Let x(p) = -p. What is the units digit of x(t)?
6
Let j = 16 + 0. What is the units digit of j?
6
What is the units digit of (-2 - (2 + 1))*-401?
5
Suppose 11*c = 7*c - 8. Let r be (c/(-3) + -3)*-3. Suppose 3*q - r*q = -80. What is the tens digit of q?
2
Let j be (-51)/(-9) - 2/(-6). Let n be ((-4)/j)/((-1)/18). What is the units digit of 63/n*8/3?
4
Let f(p) = -p**2 + 6*p + 1. Let t be f(9). Let k = t + 63. What is the tens digit of k?
3
Let m(v) = 85*v + 51. What is the units digit of m(7)?
6
Let s = 91 + -134. Let i = 47 + s. What is the units digit of i?
4
Let h(d)